s the highest common factor of j and p?
9
Suppose -13 = 5*s - 2*l, 3*s + 5 + 7 = -3*l. Let g be s/12 - (-75)/12. What is the greatest common factor of 4 and g?
2
Let t be (-5 + 1 + 1)*-1. Suppose 5*y - o + t*o = -133, 4*y + 3*o + 105 = 0. Let i = 51 + y. Calculate the greatest common divisor of i and 96.
24
Suppose 89 = 3*t - 142. Calculate the highest common divisor of t and 7.
7
Let k be 2/(-1*2/8). Let n = -4 - k. Suppose 0 = -2*s - n*c + 44, -2*c + 2 = -0. Calculate the greatest common divisor of 8 and s.
4
Let f = 0 + -2. Let b = f - -7. Calculate the highest common factor of 20 and b.
5
Suppose 2*t - 980 = -8*t. What is the highest common factor of t and 42?
14
Let z be 3/1*(-21)/9. Let t = -13 + 14. Let s = t - z. What is the highest common factor of s and 24?
8
Suppose -2*m = -j - 3*j - 20, 0 = 3*j + 15. Suppose -c + 4*b = -28, 4*c - 3*b = -m*c + 151. What is the highest common factor of c and 5?
5
Let r be 2/(-6) - 1266/(-18). Let f be 6/(-9) + 64/6. Calculate the highest common factor of r and f.
10
Suppose -5*i = -4*i - 54. Suppose -8 - 10 = -3*f. Calculate the highest common factor of i and f.
6
Suppose 4*d = 2*y + 534, -d - 3*d + 3*y = -537. Let t(u) = -2*u - 8. Let v be t(-10). What is the highest common divisor of v and d?
12
Let t be ((-72)/(-15))/3*15. Suppose -3*u + 0*u = -18. What is the highest common divisor of u and t?
6
Let j(z) = z**3 + 11*z**2 + 8*z - 13. Suppose -c = 17 - 7. Let a be j(c). Suppose 0 = -m + 1 + a. What is the highest common factor of m and 16?
8
Let k(n) = -n - 1. Let d be k(-4). Suppose 0 = -d*u - 2*b + 399, 4*u = b - 4*b + 531. What is the highest common factor of u and 15?
15
Let k(r) = -r**2 + 10*r - 11. Let l be k(8). Let a = 9 + l. Calculate the greatest common factor of 7 and a.
7
Let s = 5 + 28. Let b be ((-22)/(-6))/(1/3). What is the highest common factor of s and b?
11
Let t = 15 + -11. What is the highest common divisor of t and 36?
4
Let n = -35 + 52. Let y = -42 - -139. Suppose -39 = -l + y. Calculate the highest common divisor of n and l.
17
Let x = -2 + 0. Let k = x - 0. Let n = k - -3. Calculate the highest common factor of n and 2.
1
Let t = 13 + -31. Let q be -2*(-2)/(4/139). Let o = t + q. What is the greatest common factor of 11 and o?
11
Let k = -3 + 7. Suppose l = 2*l - k*s - 20, 2*l + 4*s - 28 = 0. What is the greatest common divisor of 40 and l?
8
Let f(r) = 6 + r**3 + 4 + 3 - 7*r**2 - 5. Let x be f(7). Calculate the highest common factor of x and 24.
8
Suppose 0 = -4*l + 454 + 370. Suppose l = 5*x - 214. Let o be 14 + 0/(2 - 1). Calculate the greatest common factor of o and x.
14
Let h(w) = w + 4. Let t be h(-2). Let o(u) = -8*u**2 - 6 - 5 - 2*u - u**3 + t - 7*u. Let n be o(-7). What is the greatest common factor of 40 and n?
5
Suppose 5*r = 2*q + 46, -3*r + 4*q = 16 - 52. Let b be (-1 - 23)*(-1)/2. Let j = b + 12. Calculate the highest common factor of j and r.
8
Let f = -2 - -17. Suppose 6*l - 2*l - 660 = 0. What is the highest common divisor of l and f?
15
Suppose -378 = -15*c + 207. Calculate the highest common divisor of 13 and c.
13
Suppose 0 = -4*y + 4*v + 28, 2*y + v - 18 = -v. Calculate the greatest common factor of 16 and y.
8
Suppose 22 = 2*f + 6. What is the highest common factor of 4 and f?
4
Suppose 4*o - 5*p + 2 = 0, -o + 2*p = -2*p - 5. Let a be o/(-1) - 10/(-1). What is the highest common factor of 26 and a?
13
Suppose 5*s = -2*r + 30, 5*s + 16 = r + 7*s. Let n(t) = -2*t - 7. Let x be n(-6). Suppose 3*u + 440 = x*u. Calculate the highest common factor of r and u.
20
Suppose j - 4*m - 26 = 0, 2*j + j = -4*m + 62. What is the highest common factor of j and 2?
2
Let r = 123 - 114. Calculate the highest common divisor of r and 27.
9
Suppose -3*p = -4*o - 105, 55 + 120 = 5*p - 5*o. Let v = -4 - -3. Let t = v + 15. Calculate the greatest common divisor of t and p.
7
Suppose 5*w - 4*l = 37 + 75, -l = 4*w - 77. Calculate the highest common divisor of 4 and w.
4
Let j be 3 - (64 + -3)*2. Let b = 25 - j. What is the greatest common divisor of b and 18?
18
Suppose 0 = 2*b + b - 12. Suppose 0 = -k + b*k - 39. What is the greatest common factor of 117 and k?
13
Suppose -3*w - 3*l = -2*l - 3, -10 = w + 4*l. Let y be 10 + -2 - 0 - w. What is the highest common factor of y and 54?
6
Let y(g) = -2*g**2 + 54*g - 23. Let h be y(25). What is the highest common divisor of 22 and h?
11
Let v = 35 + -23. Calculate the greatest common factor of 18 and v.
6
Suppose -5*w + 3*f = -25, 2*w + 3*w + 4*f = -10. Suppose 0 = -w*m + 6 + 46. Let g be 2/5*(m + -1). What is the greatest common divisor of 10 and g?
10
Let d be (-2 - -2)/(-2) - -1. Let w be 2*53/2 + d. Let x = 5 + 1. Calculate the highest common divisor of x and w.
6
Let l = 6 - 6. Let h = l + 16. What is the greatest common divisor of 2 and h?
2
Let p be 9 + -2 + 0/2. Suppose -2*n + p*n - 5 = 0. Calculate the highest common divisor of 5 and n.
1
Suppose 0 = -2*q - 10, 3*q = 3*r + 4*q - 499. What is the greatest common factor of 21 and r?
21
Let l(y) = y**3 - 8*y**2 + 2*y - 5. Suppose -57 = -4*c + 5*s, 0 = 5*c - 10*s + 5*s - 65. Let h be l(c). Calculate the highest common divisor of h and 22.
11
Suppose 3*i + 0*i = 0. Suppose -5*n + 4*o - 338 = i, -3*n - 206 = -2*o - 2*o. Let j = n + 99. What is the greatest common divisor of 22 and j?
11
Let u(s) = 13*s - 1. Let z be u(-1). Let t = -3 - z. Suppose -2*x = -3*x + 44. What is the highest common factor of t and x?
11
Let p be 4/5*(-105)/(-6). Calculate the greatest common divisor of p and 56.
14
Suppose -x - 5*q + 5 = 0, 5*q + 15 = 3*x - 20. What is the highest common factor of 110 and x?
10
Suppose b = -0*b - 2. Let i be -3 - -3 - (b - 1). What is the highest common divisor of 9 and i?
3
Suppose l + 5*j + 6 = 4*l, -10 = -5*l - 3*j. Suppose l*i - 18 = 12. Suppose 0*f + 3*f - 225 = 0. What is the highest common factor of i and f?
15
Suppose -7 = -2*b + 11. What is the highest common divisor of b and 36?
9
Let w = -52 - -82. Let y = 43 + -33. Calculate the greatest common divisor of w and y.
10
Let f(u) be the third derivative of u**5/60 + 45*u**3/2 + 12*u**2. Let o be f(0). Suppose 3*r - 28 - 17 = 0. What is the highest common factor of r and o?
15
Suppose n - 637 = -6*n. Calculate the greatest common factor of 13 and n.
13
Suppose -6*k = -8*k. Let g = -2 + 3. Let s be 3 + k - g - -6. What is the highest common factor of 40 and s?
8
Let h(a) = 6*a**2 + 2*a + 4. Let i be h(-1). Calculate the highest common factor of 6 and i.
2
Let a(r) = 2*r**2 - 8*r + 9. Let p be a(6). Suppose -2*j - 9 = -5, 2*n = -5*j + 34. Calculate the highest common divisor of p and n.
11
Suppose 4*d - m = 157, 4*m - 8 = 4. Calculate the greatest common divisor of d and 20.
20
Let s = 2104 + -1502. Let i be (-6)/(-10) - s/(-5). Calculate the greatest common factor of i and 11.
11
Let z = 0 - -5. Suppose -o = -z*g - 12 - 6, -4 = g. Let i be o/8 + 198/24. Calculate the highest common factor of i and 8.
8
Suppose 0*t - 3*t + 111 = 5*a, 0 = 2*a - 3*t - 57. What is the greatest common factor of a and 60?
12
Suppose 5*n - 5 = -4*q, -2*q - 1 - 1 = 4*n. Suppose -3*w = -r - 32, -5*w - q*r = -r - 42. What is the greatest common divisor of 4 and w?
2
Let h(w) = 3*w**2 - 3*w + 2. Let a be h(2). Suppose 3*f + 3 - 12 = 0, x - f = 1. What is the highest common factor of a and x?
4
Suppose -169 = -17*s + 885. Calculate the greatest common factor of 155 and s.
31
Suppose -5*j + 3*r = -110 + 38, -4*j + 2*r + 58 = 0. Let f = -1 + 6. What is the greatest common factor of j and f?
5
Suppose -5*l - 279 = -4*h, 3*l - 2*l = -4*h + 261. Let z(f) = -f**2 - 7*f - 4. Let n be z(-5). What is the greatest common factor of h and n?
6
Let t be 14*(25/(-2))/(-5). Calculate the highest common factor of t and 7.
7
Suppose -3*f + 43 = 4*u, -5*f + 11 = 5*u - 3*u. Let o = 17 - -49. Suppose 0 = 5*v - 586 + o. What is the greatest common divisor of u and v?
13
Let g be 1015/15 - (-2)/6. Calculate the highest common factor of g and 17.
17
Let g(z) = 15 - 15 + 13*z. Let s be g(1). Suppose -p - s = -2*t, -5*p - 1 = t - 2. What is the greatest common factor of 30 and t?
6
Suppose 2 - 4 = -f. Let q be f/4*0 - -1. What is the greatest common divisor of 11 and q?
1
Let s(m) = 3*m**2 - 9*m - 3. Let v be s(7). Suppose 2*h + 84 = 5*h. Let d = -19 + h. What is